 the units digit of 12945998?
8
What is the millions digit of 2885609?
2
What is the hundred thousands digit of 8772041?
7
What is the hundred thousands digit of 2646969?
6
What is the hundred thousands digit of 6176033?
1
What is the millions digit of 7172257?
7
What is the hundreds digit of 391882?
8
What is the units digit of 1317319?
9
What is the tens digit of 5044888?
8
What is the hundred thousands digit of 258301?
2
What is the ten millions digit of 16359748?
1
What is the units digit of 800849?
9
What is the ten millions digit of 18273568?
1
What is the hundreds digit of 328903?
9
What is the hundreds digit of 4863397?
3
What is the units digit of 36357?
7
What is the thousands digit of 5576756?
6
What is the thousands digit of 230365?
0
What is the thousands digit of 7168593?
8
What is the millions digit of 3246879?
3
What is the hundred thousands digit of 398950?
3
What is the ten thousands digit of 5319033?
1
What is the hundred thousands digit of 133440?
1
What is the millions digit of 4643116?
4
What is the hundreds digit of 187992?
9
What is the hundreds digit of 3069182?
1
What is the units digit of 8181813?
3
What is the hundred thousands digit of 5364815?
3
What is the ten millions digit of 15106546?
1
What is the tens digit of 354292?
9
What is the hundreds digit of 159187?
1
What is the tens digit of 11389179?
7
What is the ten thousands digit of 3434950?
3
What is the units digit of 523216?
6
What is the hundreds digit of 306551?
5
What is the ten thousands digit of 232031?
3
What is the units digit of 31367?
7
What is the units digit of 745592?
2
What is the millions digit of 8338094?
8
What is the units digit of 9984806?
6
What is the tens digit of 11188144?
4
What is the thousands digit of 265036?
5
What is the units digit of 55590?
0
What is the millions digit of 4767063?
4
What is the hundreds digit of 16971773?
7
What is the thousands digit of 108647?
8
What is the ten thousands digit of 550632?
5
What is the hundreds digit of 346073?
0
What is the ten thousands digit of 344313?
4
What is the tens digit of 282002?
0
What is the tens digit of 687360?
6
What is the ten thousands digit of 113179?
1
What is the tens digit of 90472?
7
What is the units digit of 371601?
1
What is the hundreds digit of 4077747?
7
What is the thousands digit of 965700?
5
What is the units digit of 255404?
4
What is the ten thousands digit of 212543?
1
What is the ten thousands digit of 61727?
6
What is the millions digit of 14762492?
4
What is the tens digit of 49416?
1
What is the thousands digit of 221984?
1
What is the ten thousands digit of 1725239?
2
What is the millions digit of 4531694?
4
What is the ten thousands digit of 3860758?
6
What is the hundreds digit of 814840?
8
What is the thousands digit of 711760?
1
What is the hundreds digit of 245232?
2
What is the hundred thousands digit of 15534831?
5
What is the hundreds digit of 781450?
4
What is the tens digit of 256199?
9
What is the ten thousands digit of 8317209?
1
What is the ten thousands digit of 509218?
0
What is the hundred thousands digit of 8314800?
3
What is the ten thousands digit of 618207?
1
What is the thousands digit of 320353?
0
What is the hundred thousands digit of 927016?
9
What is the millions digit of 1083653?
1
What is the units digit of 437973?
3
What is the tens digit of 591159?
5
What is the hundreds digit of 225397?
3
What is the millions digit of 5403833?
5
What is the hundreds digit of 423999?
9
What is the units digit of 228894?
4
What is the ten thousands digit of 1274160?
7
What is the hundreds digit of 10654672?
6
What is the tens digit of 285658?
5
What is the tens digit of 15254777?
7
What is the units digit of 75847?
7
What is the millions digit of 5075948?
5
What is the thousands digit of 14743941?
3
What is the tens digit of 71055?
5
What is the units digit of 428996?
6
What is the millions digit of 10400657?
0
What is the hundreds digit of 391604?
6
What is the tens digit of 431368?
6
What is the hundred thousands digit of 176223?
1
What is the thousands digit of 304919?
4
What is the tens digit of 3858059?
5
What is the units digit of 314167?
7
What is the hundred thousands digit of 27815424?
8
What is the ten millions digit of 31491951?
3
What is the hundreds digit of 166068?
0
What is the units digit of 480562?
2
What is the hundreds digit of 328653?
6
What is the millions digit of 1921665?
1
What is the tens digit of 36085266?
6
What is the hundreds digit of 150663?
6
What is the thousands digit of 2177376?
7
What is the thousands digit of 48600?
8
What is the units digit of 48062?
2
What is the millions digit of 14226408?
4
What is the hundreds digit of 282930?
9
What is the hundreds digit of 2394515?
5
What is the hundreds digit of 1759541?
5
What is the hundred thousands digit of 2329198?
3
What is the millions digit of 5618406?
5
What is the hundreds digit of 305551?
5
What is the units digit of 1607369?
9
What is the hundreds digit of 86101?
1
What is the hundreds digit of 14145303?
3
What is the thousands digit of 722492?
2
What is the ten thousands digit of 100877?
0
What is the units digit of 1419182?
2
What is the hundred thousands digit of 11933027?
9
What is the hundreds digit of 1731311?
3
What is the units digit of 16687?
7
What is the millions digit of 42358605?
2
What is the thousands digit of 1481428?
1
What is the hundred thousands digit of 2400604?
4
What is the tens digit of 1442334?
3
What is the thousands digit of 1307679?
7
What is the ten thousands digit of 1111435?
1
What is the units digit of 2459339?
9
What is the units digit of 17963692?
2
What is the ten thousands digit of 1296917?
9
What is the tens digit of 446166?
6
What is the tens digit of 3302233?
3
What is the units digit of 753294?
4
What is the hundreds digit of 302111?
1
What is the units digit of 231272?
2
What is the ten thousands digit of 596127?
9
What is the units digit of 18048557?
7
What is the hundred thousands digit of 11493055?
4
What is the tens digit of 379781?
8
What is the thousands digit of 5951733?
1
What is the tens digit of 557336?
3
What is the thousands digit of 776973?
6
What is the hundred thousands digit of 1203033?
2
What is the hundred thousands digit of 7679407?
6
What is the thousands digit of 93967?
3
What is the hundreds digit of 629902?
9
What is the ten thousands digit of 14125914?
2
What is the thousands digit of 72026?
2
What is the millions digit of 1374524?
1
What is the hundreds digit of 33739?
7
What is the tens digit of 8045786?
8
What is the hundred thousands digit of 2425693?
4
What is the thousands digit of 5966550?
6
What is the thousands digit of 2145661?
5
What is the hundreds digit of 4193658?
6
What is the hundreds digit of 2378657?
6
What is the millions digit of 5665832?
5
What is the ten thousands digit of 116802?
1
What is the thousands digit of 1034319?
4
What is the units digit of 951255?
5
What is the ten thousands digit of 4485026?
8
What is the thousands digit of 502102?
2
What is the thousands digit of 7599413?
9
What is the millions digit of 18463352?
8
What is the hundreds digit of 12409913?
9
What is the tens digit of 503959?
5
What is the thousands digit of 20262?
0
What is the thousands digit of 194147?
4
What is the millions digit of 2129381?
2
What is the thousands digit of 5315487?
5
What is the hundreds digit of 27110?
1
What is the ten thousands digit of 238381?
3
What is the units digit of 5834796?
6
What is the tens digit of 2076089?
8
What is the thousands digit of 10025082?
5
What is the tens digit of 222161?
6
What is the ten thousands digit of 2565189?
6
What is the thousands digit of 3728600?
8
What is the ten thousands digit of 1083200?
8
What is the units digit of 6767945?
5
What is the ten thousands digit of 2260408?
6
What is the tens digit of 1230382?
8
What is the ten thousands digit of 1124783?
2
What is the hundreds digit of 2742825?
8
What is the tens digit of 170674?
7
What is the thousands digit of 449552?
9
What is the tens digit of 3626079?
7
What is the hundreds digit of 1348451?
4
What is the thousands digit of 1160643?
0
What is the units digit of 427013?
3
What is the ten millions digit of 10319491?
1
What is the hundred thousands digit of 21013906?
0
What i